{"id":9937,"date":"2017-09-27T09:16:04","date_gmt":"2017-09-27T07:16:04","guid":{"rendered":"https:\/\/hemslojdeniskanesbutik.se\/produkt\/blomsterurna\/"},"modified":"2017-09-27T09:16:04","modified_gmt":"2017-09-27T07:16:04","slug":"blomsterurna","status":"publish","type":"product","link":"https:\/\/hemslojdeniskanesbutik.se\/en\/produkt\/blomsterurna\/","title":{"rendered":"Blomsterurna"},"content":{"rendered":"<p>This pattern type is the most common among Sk\u00e5nska tapestries and were woven throughout southwestern Sk\u00e5ne. Recognizable flowers are carnations, tulips, crown imperials, roses, and narcissuses. The clothing on the man and woman varies from cushion to cushion. Often, the woman\u2019s clothing will reflect the traditional clothing from the area. The oldest cushion with this pattern type is dated to 1776, and the \u201cyoungest\u201d is marked 1848.     <\/p>\n<p>The materials package contains: wool yarn for the weft and a paper pattern. Warp yarn is not included but can be ordered from our shop. We recommend linen 20\/3 for Scanian tapestry. Wool for the backing and down pillow can also be ordered from our shop.   <\/p>\n","protected":false},"excerpt":{"rendered":"<p>Blomsterurna med par och f\u00e5glar<br \/>\nSize: 48 x 94 cm<br \/>\nThe price is for materials.<\/p>\n","protected":false},"featured_media":8351,"template":"","meta":{"_kad_blocks_custom_css":"","_kad_blocks_head_custom_js":"","_kad_blocks_body_custom_js":"","_kad_blocks_footer_custom_js":"","_kad_post_transparent":"","_kad_post_title":"","_kad_post_layout":"","_kad_post_sidebar_id":"","_kad_post_content_style":"","_kad_post_vertical_padding":"","_kad_post_feature":"","_kad_post_feature_position":"","_kad_post_header":false,"_kad_post_footer":false,"_kad_post_classname":""},"product_brand":[],"product_cat":[912],"product_tag":[],"class_list":{"0":"post-9937","1":"product","2":"type-product","3":"status-publish","4":"has-post-thumbnail","6":"product_cat-carriage-cushions-en-2","8":"first","9":"instock","10":"taxable","11":"shipping-taxable","12":"purchasable","13":"product-type-simple","14":"entry","15":"content-bg","16":"loop-entry"},"yoast_head":"<!-- This site is optimized with the Yoast SEO plugin v27.2 - https:\/\/yoast.com\/product\/yoast-seo-wordpress\/ -->\n<title>Blomsterurna - Hemsl\u00f6jden i Sk\u00e5nes butik<\/title>\n<meta name=\"robots\" content=\"index, follow, max-snippet:-1, max-image-preview:large, max-video-preview:-1\" \/>\n<link rel=\"canonical\" href=\"https:\/\/hemslojdeniskanesbutik.se\/en\/produkt\/blomsterurna\/\" \/>\n<meta property=\"og:locale\" content=\"en_US\" \/>\n<meta property=\"og:type\" content=\"article\" \/>\n<meta property=\"og:title\" content=\"Blomsterurna - Hemsl\u00f6jden i Sk\u00e5nes butik\" \/>\n<meta property=\"og:description\" content=\"Blomsterurna med par och f\u00e5glar Size: 48 x 94 cm The price is for materials.\" \/>\n<meta property=\"og:url\" content=\"https:\/\/hemslojdeniskanesbutik.se\/en\/produkt\/blomsterurna\/\" \/>\n<meta property=\"og:site_name\" content=\"Hemsl\u00f6jden i Sk\u00e5nes butik\" \/>\n<meta property=\"article:publisher\" content=\"http:\/\/facebook.com\/hemslojdenskaneAB\" \/>\n<meta name=\"twitter:card\" content=\"summary_large_image\" \/>\n<meta name=\"twitter:label1\" content=\"Est. reading time\" \/>\n\t<meta name=\"twitter:data1\" content=\"1 minute\" \/>\n<script type=\"application\/ld+json\" class=\"yoast-schema-graph\">{\"@context\":\"https:\/\/schema.org\",\"@graph\":[{\"@type\":\"WebPage\",\"@id\":\"https:\/\/hemslojdeniskanesbutik.se\/en\/produkt\/blomsterurna\/\",\"url\":\"https:\/\/hemslojdeniskanesbutik.se\/en\/produkt\/blomsterurna\/\",\"name\":\"Blomsterurna - Hemsl\u00f6jden i Sk\u00e5nes butik\",\"isPartOf\":{\"@id\":\"https:\/\/hemslojdeniskanesbutik.se\/en\/#website\"},\"primaryImageOfPage\":{\"@id\":\"https:\/\/hemslojdeniskanesbutik.se\/en\/produkt\/blomsterurna\/#primaryimage\"},\"image\":{\"@id\":\"https:\/\/hemslojdeniskanesbutik.se\/en\/produkt\/blomsterurna\/#primaryimage\"},\"thumbnailUrl\":\"https:\/\/hemslojdeniskanesbutik.se\/wp-content\/uploads\/2017\/09\/Blomsterdyna-men-par-och-faglar-scaled.jpg\",\"datePublished\":\"2017-09-27T07:16:04+00:00\",\"breadcrumb\":{\"@id\":\"https:\/\/hemslojdeniskanesbutik.se\/en\/produkt\/blomsterurna\/#breadcrumb\"},\"inLanguage\":\"en-US\",\"potentialAction\":[{\"@type\":\"ReadAction\",\"target\":[\"https:\/\/hemslojdeniskanesbutik.se\/en\/produkt\/blomsterurna\/\"]}]},{\"@type\":\"ImageObject\",\"inLanguage\":\"en-US\",\"@id\":\"https:\/\/hemslojdeniskanesbutik.se\/en\/produkt\/blomsterurna\/#primaryimage\",\"url\":\"https:\/\/hemslojdeniskanesbutik.se\/wp-content\/uploads\/2017\/09\/Blomsterdyna-men-par-och-faglar-scaled.jpg\",\"contentUrl\":\"https:\/\/hemslojdeniskanesbutik.se\/wp-content\/uploads\/2017\/09\/Blomsterdyna-men-par-och-faglar-scaled.jpg\",\"width\":2560,\"height\":1920},{\"@type\":\"BreadcrumbList\",\"@id\":\"https:\/\/hemslojdeniskanesbutik.se\/en\/produkt\/blomsterurna\/#breadcrumb\",\"itemListElement\":[{\"@type\":\"ListItem\",\"position\":1,\"name\":\"Start\",\"item\":\"https:\/\/hemslojdeniskanesbutik.se\/en\/\"},{\"@type\":\"ListItem\",\"position\":2,\"name\":\"Shop\",\"item\":\"https:\/\/hemslojdeniskanesbutik.se\/en\/shop\/\"},{\"@type\":\"ListItem\",\"position\":3,\"name\":\"Blomsterurna\"}]},{\"@type\":\"WebSite\",\"@id\":\"https:\/\/hemslojdeniskanesbutik.se\/en\/#website\",\"url\":\"https:\/\/hemslojdeniskanesbutik.se\/en\/\",\"name\":\"Hemsl\u00f6jden i Sk\u00e5nes butik\",\"description\":\"Hemsl\u00f6jden i Sk\u00e5nes butik\",\"publisher\":{\"@id\":\"https:\/\/hemslojdeniskanesbutik.se\/en\/#organization\"},\"potentialAction\":[{\"@type\":\"SearchAction\",\"target\":{\"@type\":\"EntryPoint\",\"urlTemplate\":\"https:\/\/hemslojdeniskanesbutik.se\/en\/?s={search_term_string}\"},\"query-input\":{\"@type\":\"PropertyValueSpecification\",\"valueRequired\":true,\"valueName\":\"search_term_string\"}}],\"inLanguage\":\"en-US\"},{\"@type\":\"Organization\",\"@id\":\"https:\/\/hemslojdeniskanesbutik.se\/en\/#organization\",\"name\":\"Hemsl\u00f6jden i Sk\u00e5nes butik\",\"url\":\"https:\/\/hemslojdeniskanesbutik.se\/en\/\",\"logo\":{\"@type\":\"ImageObject\",\"inLanguage\":\"en-US\",\"@id\":\"https:\/\/hemslojdeniskanesbutik.se\/en\/#\/schema\/logo\/image\/\",\"url\":\"https:\/\/hemslojdeniskanesbutik.se\/wp-content\/uploads\/2021\/03\/hemslojden_logotyp_liggande_positiv_farg_rgb_highres.png\",\"contentUrl\":\"https:\/\/hemslojdeniskanesbutik.se\/wp-content\/uploads\/2021\/03\/hemslojden_logotyp_liggande_positiv_farg_rgb_highres.png\",\"width\":2737,\"height\":641,\"caption\":\"Hemsl\u00f6jden i Sk\u00e5nes butik\"},\"image\":{\"@id\":\"https:\/\/hemslojdeniskanesbutik.se\/en\/#\/schema\/logo\/image\/\"},\"sameAs\":[\"http:\/\/facebook.com\/hemslojdenskaneAB\",\"http:\/\/youtube.com\/slojdiskane\",\"https:\/\/www.instagram.com\/hemslojdeniskane\"]}]}<\/script>\n<!-- \/ Yoast SEO plugin. -->","yoast_head_json":{"title":"Blomsterurna - Hemsl\u00f6jden i Sk\u00e5nes butik","robots":{"index":"index","follow":"follow","max-snippet":"max-snippet:-1","max-image-preview":"max-image-preview:large","max-video-preview":"max-video-preview:-1"},"canonical":"https:\/\/hemslojdeniskanesbutik.se\/en\/produkt\/blomsterurna\/","og_locale":"en_US","og_type":"article","og_title":"Blomsterurna - Hemsl\u00f6jden i Sk\u00e5nes butik","og_description":"Blomsterurna med par och f\u00e5glar Size: 48 x 94 cm The price is for materials.","og_url":"https:\/\/hemslojdeniskanesbutik.se\/en\/produkt\/blomsterurna\/","og_site_name":"Hemsl\u00f6jden i Sk\u00e5nes butik","article_publisher":"http:\/\/facebook.com\/hemslojdenskaneAB","twitter_card":"summary_large_image","twitter_misc":{"Est. reading time":"1 minute"},"schema":{"@context":"https:\/\/schema.org","@graph":[{"@type":"WebPage","@id":"https:\/\/hemslojdeniskanesbutik.se\/en\/produkt\/blomsterurna\/","url":"https:\/\/hemslojdeniskanesbutik.se\/en\/produkt\/blomsterurna\/","name":"Blomsterurna - Hemsl\u00f6jden i Sk\u00e5nes butik","isPartOf":{"@id":"https:\/\/hemslojdeniskanesbutik.se\/en\/#website"},"primaryImageOfPage":{"@id":"https:\/\/hemslojdeniskanesbutik.se\/en\/produkt\/blomsterurna\/#primaryimage"},"image":{"@id":"https:\/\/hemslojdeniskanesbutik.se\/en\/produkt\/blomsterurna\/#primaryimage"},"thumbnailUrl":"https:\/\/hemslojdeniskanesbutik.se\/wp-content\/uploads\/2017\/09\/Blomsterdyna-men-par-och-faglar-scaled.jpg","datePublished":"2017-09-27T07:16:04+00:00","breadcrumb":{"@id":"https:\/\/hemslojdeniskanesbutik.se\/en\/produkt\/blomsterurna\/#breadcrumb"},"inLanguage":"en-US","potentialAction":[{"@type":"ReadAction","target":["https:\/\/hemslojdeniskanesbutik.se\/en\/produkt\/blomsterurna\/"]}]},{"@type":"ImageObject","inLanguage":"en-US","@id":"https:\/\/hemslojdeniskanesbutik.se\/en\/produkt\/blomsterurna\/#primaryimage","url":"https:\/\/hemslojdeniskanesbutik.se\/wp-content\/uploads\/2017\/09\/Blomsterdyna-men-par-och-faglar-scaled.jpg","contentUrl":"https:\/\/hemslojdeniskanesbutik.se\/wp-content\/uploads\/2017\/09\/Blomsterdyna-men-par-och-faglar-scaled.jpg","width":2560,"height":1920},{"@type":"BreadcrumbList","@id":"https:\/\/hemslojdeniskanesbutik.se\/en\/produkt\/blomsterurna\/#breadcrumb","itemListElement":[{"@type":"ListItem","position":1,"name":"Start","item":"https:\/\/hemslojdeniskanesbutik.se\/en\/"},{"@type":"ListItem","position":2,"name":"Shop","item":"https:\/\/hemslojdeniskanesbutik.se\/en\/shop\/"},{"@type":"ListItem","position":3,"name":"Blomsterurna"}]},{"@type":"WebSite","@id":"https:\/\/hemslojdeniskanesbutik.se\/en\/#website","url":"https:\/\/hemslojdeniskanesbutik.se\/en\/","name":"Hemsl\u00f6jden i Sk\u00e5nes butik","description":"Hemsl\u00f6jden i Sk\u00e5nes butik","publisher":{"@id":"https:\/\/hemslojdeniskanesbutik.se\/en\/#organization"},"potentialAction":[{"@type":"SearchAction","target":{"@type":"EntryPoint","urlTemplate":"https:\/\/hemslojdeniskanesbutik.se\/en\/?s={search_term_string}"},"query-input":{"@type":"PropertyValueSpecification","valueRequired":true,"valueName":"search_term_string"}}],"inLanguage":"en-US"},{"@type":"Organization","@id":"https:\/\/hemslojdeniskanesbutik.se\/en\/#organization","name":"Hemsl\u00f6jden i Sk\u00e5nes butik","url":"https:\/\/hemslojdeniskanesbutik.se\/en\/","logo":{"@type":"ImageObject","inLanguage":"en-US","@id":"https:\/\/hemslojdeniskanesbutik.se\/en\/#\/schema\/logo\/image\/","url":"https:\/\/hemslojdeniskanesbutik.se\/wp-content\/uploads\/2021\/03\/hemslojden_logotyp_liggande_positiv_farg_rgb_highres.png","contentUrl":"https:\/\/hemslojdeniskanesbutik.se\/wp-content\/uploads\/2021\/03\/hemslojden_logotyp_liggande_positiv_farg_rgb_highres.png","width":2737,"height":641,"caption":"Hemsl\u00f6jden i Sk\u00e5nes butik"},"image":{"@id":"https:\/\/hemslojdeniskanesbutik.se\/en\/#\/schema\/logo\/image\/"},"sameAs":["http:\/\/facebook.com\/hemslojdenskaneAB","http:\/\/youtube.com\/slojdiskane","https:\/\/www.instagram.com\/hemslojdeniskane"]}]}},"taxonomy_info":{"product_cat":[{"value":912,"label":"Carriage cushions"}]},"featured_image_src_large":["https:\/\/hemslojdeniskanesbutik.se\/wp-content\/uploads\/2017\/09\/Blomsterdyna-men-par-och-faglar-1024x768.jpg",1024,768,true],"author_info":[],"comment_info":"","_links":{"self":[{"href":"https:\/\/hemslojdeniskanesbutik.se\/en\/wp-json\/wp\/v2\/product\/9937","targetHints":{"allow":["GET"]}}],"collection":[{"href":"https:\/\/hemslojdeniskanesbutik.se\/en\/wp-json\/wp\/v2\/product"}],"about":[{"href":"https:\/\/hemslojdeniskanesbutik.se\/en\/wp-json\/wp\/v2\/types\/product"}],"wp:featuredmedia":[{"embeddable":true,"href":"https:\/\/hemslojdeniskanesbutik.se\/en\/wp-json\/wp\/v2\/media\/8351"}],"wp:attachment":[{"href":"https:\/\/hemslojdeniskanesbutik.se\/en\/wp-json\/wp\/v2\/media?parent=9937"}],"wp:term":[{"taxonomy":"product_brand","embeddable":true,"href":"https:\/\/hemslojdeniskanesbutik.se\/en\/wp-json\/wp\/v2\/product_brand?post=9937"},{"taxonomy":"product_cat","embeddable":true,"href":"https:\/\/hemslojdeniskanesbutik.se\/en\/wp-json\/wp\/v2\/product_cat?post=9937"},{"taxonomy":"product_tag","embeddable":true,"href":"https:\/\/hemslojdeniskanesbutik.se\/en\/wp-json\/wp\/v2\/product_tag?post=9937"}],"curies":[{"name":"wp","href":"https:\/\/api.w.org\/{rel}","templated":true}]}}

<p>This pattern type is the most common among Skånska tapestries and were woven throughout southwestern Skåne. Recognizable flowers are carnations, tulips, crown imperials, roses, and narcissuses. The clothing on the man and woman varies from cushion to cushion. Often, the woman’s clothing will reflect the traditional clothing from the area. The oldest cushion with this pattern type is dated to 1776, and the “youngest” is marked 1848.     </p>
<p>The materials package contains: wool yarn for the weft and a paper pattern. Warp yarn is not included but can be ordered from our shop. We recommend linen 20/3 for Scanian tapestry. Wool for the backing and down pillow can also be ordered from our shop.   </p>

<p>Blomsterurna med par och fåglar<br />
Size: 48 x 94 cm<br />
The price is for materials.</p>

<!-- This site is optimized with the Yoast SEO plugin v27.2 - https://yoast.com/product/yoast-seo-wordpress/ -->
<title>Blomsterurna - Hemslöjden i Skånes butik</title>
<meta name="robots" content="index, follow, max-snippet:-1, max-image-preview:large, max-video-preview:-1" />
<link rel="canonical" href="https://hemslojdeniskanesbutik.se/en/produkt/blomsterurna/" />
<meta property="og:locale" content="en_US" />
<meta property="og:type" content="article" />
<meta property="og:title" content="Blomsterurna - Hemslöjden i Skånes butik" />
<meta property="og:description" content="Blomsterurna med par och fåglar Size: 48 x 94 cm The price is for materials." />
<meta property="og:url" content="https://hemslojdeniskanesbutik.se/en/produkt/blomsterurna/" />
<meta property="og:site_name" content="Hemslöjden i Skånes butik" />
<meta property="article:publisher" content="http://facebook.com/hemslojdenskaneAB" />
<meta name="twitter:card" content="summary_large_image" />
<meta name="twitter:label1" content="Est. reading time" />
	<meta name="twitter:data1" content="1 minute" />
<script type="application/ld+json" class="yoast-schema-graph">{"@context":"https://schema.org","@graph":[{"@type":"WebPage","@id":"https://hemslojdeniskanesbutik.se/en/produkt/blomsterurna/","url":"https://hemslojdeniskanesbutik.se/en/produkt/blomsterurna/","name":"Blomsterurna - Hemslöjden i Skånes butik","isPartOf":{"@id":"https://hemslojdeniskanesbutik.se/en/#website"},"primaryImageOfPage":{"@id":"https://hemslojdeniskanesbutik.se/en/produkt/blomsterurna/#primaryimage"},"image":{"@id":"https://hemslojdeniskanesbutik.se/en/produkt/blomsterurna/#primaryimage"},"thumbnailUrl":"https://hemslojdeniskanesbutik.se/wp-content/uploads/2017/09/Blomsterdyna-men-par-och-faglar-scaled.jpg","datePublished":"2017-09-27T07:16:04+00:00","breadcrumb":{"@id":"https://hemslojdeniskanesbutik.se/en/produkt/blomsterurna/#breadcrumb"},"inLanguage":"en-US","potentialAction":[{"@type":"ReadAction","target":["https://hemslojdeniskanesbutik.se/en/produkt/blomsterurna/"]}]},{"@type":"ImageObject","inLanguage":"en-US","@id":"https://hemslojdeniskanesbutik.se/en/produkt/blomsterurna/#primaryimage","url":"https://hemslojdeniskanesbutik.se/wp-content/uploads/2017/09/Blomsterdyna-men-par-och-faglar-scaled.jpg","contentUrl":"https://hemslojdeniskanesbutik.se/wp-content/uploads/2017/09/Blomsterdyna-men-par-och-faglar-scaled.jpg","width":2560,"height":1920},{"@type":"BreadcrumbList","@id":"https://hemslojdeniskanesbutik.se/en/produkt/blomsterurna/#breadcrumb","itemListElement":[{"@type":"ListItem","position":1,"name":"Start","item":"https://hemslojdeniskanesbutik.se/en/"},{"@type":"ListItem","position":2,"name":"Shop","item":"https://hemslojdeniskanesbutik.se/en/shop/"},{"@type":"ListItem","position":3,"name":"Blomsterurna"}]},{"@type":"WebSite","@id":"https://hemslojdeniskanesbutik.se/en/#website","url":"https://hemslojdeniskanesbutik.se/en/","name":"Hemslöjden i Skånes butik","description":"Hemslöjden i Skånes butik","publisher":{"@id":"https://hemslojdeniskanesbutik.se/en/#organization"},"potentialAction":[{"@type":"SearchAction","target":{"@type":"EntryPoint","urlTemplate":"https://hemslojdeniskanesbutik.se/en/?s={search_term_string}"},"query-input":{"@type":"PropertyValueSpecification","valueRequired":true,"valueName":"search_term_string"}}],"inLanguage":"en-US"},{"@type":"Organization","@id":"https://hemslojdeniskanesbutik.se/en/#organization","name":"Hemslöjden i Skånes butik","url":"https://hemslojdeniskanesbutik.se/en/","logo":{"@type":"ImageObject","inLanguage":"en-US","@id":"https://hemslojdeniskanesbutik.se/en/#/schema/logo/image/","url":"https://hemslojdeniskanesbutik.se/wp-content/uploads/2021/03/hemslojden_logotyp_liggande_positiv_farg_rgb_highres.png","contentUrl":"https://hemslojdeniskanesbutik.se/wp-content/uploads/2021/03/hemslojden_logotyp_liggande_positiv_farg_rgb_highres.png","width":2737,"height":641,"caption":"Hemslöjden i Skånes butik"},"image":{"@id":"https://hemslojdeniskanesbutik.se/en/#/schema/logo/image/"},"sameAs":["http://facebook.com/hemslojdenskaneAB","http://youtube.com/slojdiskane","https://www.instagram.com/hemslojdeniskane"]}]}</script>
<!-- / Yoast SEO plugin. -->

Blomsterurna - Hemslöjden i Skånes butik

Blomsterurna med par och fåglar Size: 48 x 94 cm The price is for materials.

Hemslöjden i Skånes butik
