{"id":11151,"date":"2022-03-28T16:45:37","date_gmt":"2022-03-28T14:45:37","guid":{"rendered":"https:\/\/hemslojdeniskanesbutik.se\/produkt\/dalatupp-svart-2\/"},"modified":"2022-03-28T16:45:37","modified_gmt":"2022-03-28T14:45:37","slug":"dalatupp-svart-2","status":"publish","type":"product","link":"https:\/\/hemslojdeniskanesbutik.se\/en\/produkt\/dalatupp-svart-2\/","title":{"rendered":"Dalatupp svart"},"content":{"rendered":"<p>Dalatupp fr\u00e5n Nils Olsson i Nusn\u00e4s. Alla tuppar t\u00e4ljs och m\u00e5las f\u00f6r hand vilket g\u00f6r att det inte finns tv\u00e5 exakt likadana tuppar i v\u00e4rlden. Grundf\u00e4rgen \u00e4r vit men dekorm\u00e5lningens f\u00e4rg varierar. Tuppen \u00e4r en urgammal symbol f\u00f6r vaksamhet. Hos Nils Olsson har man avbildat tuppar sedan 1928.<\/p>\n<p>&nbsp;<\/p>\n","protected":false},"excerpt":{"rendered":"<p>Material: M\u00e5lat tr\u00e4<br \/>\nLiten: 5 cm<br \/>\nMellan: 11 cm<br \/>\nStor: 17 cm<\/p>\n","protected":false},"featured_media":8889,"template":"","meta":{"_kad_blocks_custom_css":"","_kad_blocks_head_custom_js":"","_kad_blocks_body_custom_js":"","_kad_blocks_footer_custom_js":"","_kad_post_transparent":"","_kad_post_title":"","_kad_post_layout":"","_kad_post_sidebar_id":"","_kad_post_content_style":"","_kad_post_vertical_padding":"","_kad_post_feature":"","_kad_post_feature_position":"","_kad_post_header":false,"_kad_post_footer":false,"_kad_post_classname":""},"product_brand":[],"product_cat":[919],"product_tag":[],"class_list":{"0":"post-11151","1":"product","2":"type-product","3":"status-publish","4":"has-post-thumbnail","6":"product_cat-easter","8":"first","9":"instock","10":"taxable","11":"shipping-taxable","12":"purchasable","13":"product-type-variable","14":"entry","15":"content-bg","16":"loop-entry"},"yoast_head":"<!-- This site is optimized with the Yoast SEO plugin v27.2 - https:\/\/yoast.com\/product\/yoast-seo-wordpress\/ -->\n<title>Dalatupp svart - Hemsl\u00f6jden i Sk\u00e5nes butik<\/title>\n<meta name=\"robots\" content=\"index, follow, max-snippet:-1, max-image-preview:large, max-video-preview:-1\" \/>\n<link rel=\"canonical\" href=\"https:\/\/hemslojdeniskanesbutik.se\/en\/produkt\/dalatupp-svart-2\/\" \/>\n<meta property=\"og:locale\" content=\"en_US\" \/>\n<meta property=\"og:type\" content=\"article\" \/>\n<meta property=\"og:title\" content=\"Dalatupp svart - Hemsl\u00f6jden i Sk\u00e5nes butik\" \/>\n<meta property=\"og:description\" content=\"Material: M\u00e5lat tr\u00e4 Liten: 5 cm Mellan: 11 cm Stor: 17 cm\" \/>\n<meta property=\"og:url\" content=\"https:\/\/hemslojdeniskanesbutik.se\/en\/produkt\/dalatupp-svart-2\/\" \/>\n<meta property=\"og:site_name\" content=\"Hemsl\u00f6jden i Sk\u00e5nes butik\" \/>\n<meta property=\"article:publisher\" content=\"http:\/\/facebook.com\/hemslojdenskaneAB\" \/>\n<meta name=\"twitter:card\" content=\"summary_large_image\" \/>\n<script type=\"application\/ld+json\" class=\"yoast-schema-graph\">{\"@context\":\"https:\/\/schema.org\",\"@graph\":[{\"@type\":\"WebPage\",\"@id\":\"https:\/\/hemslojdeniskanesbutik.se\/en\/produkt\/dalatupp-svart-2\/\",\"url\":\"https:\/\/hemslojdeniskanesbutik.se\/en\/produkt\/dalatupp-svart-2\/\",\"name\":\"Dalatupp svart - Hemsl\u00f6jden i Sk\u00e5nes butik\",\"isPartOf\":{\"@id\":\"https:\/\/hemslojdeniskanesbutik.se\/en\/#website\"},\"primaryImageOfPage\":{\"@id\":\"https:\/\/hemslojdeniskanesbutik.se\/en\/produkt\/dalatupp-svart-2\/#primaryimage\"},\"image\":{\"@id\":\"https:\/\/hemslojdeniskanesbutik.se\/en\/produkt\/dalatupp-svart-2\/#primaryimage\"},\"thumbnailUrl\":\"https:\/\/hemslojdeniskanesbutik.se\/wp-content\/uploads\/2022\/03\/Svart-dalatupp-scaled.jpeg\",\"datePublished\":\"2022-03-28T14:45:37+00:00\",\"breadcrumb\":{\"@id\":\"https:\/\/hemslojdeniskanesbutik.se\/en\/produkt\/dalatupp-svart-2\/#breadcrumb\"},\"inLanguage\":\"en-US\",\"potentialAction\":[{\"@type\":\"ReadAction\",\"target\":[\"https:\/\/hemslojdeniskanesbutik.se\/en\/produkt\/dalatupp-svart-2\/\"]}]},{\"@type\":\"ImageObject\",\"inLanguage\":\"en-US\",\"@id\":\"https:\/\/hemslojdeniskanesbutik.se\/en\/produkt\/dalatupp-svart-2\/#primaryimage\",\"url\":\"https:\/\/hemslojdeniskanesbutik.se\/wp-content\/uploads\/2022\/03\/Svart-dalatupp-scaled.jpeg\",\"contentUrl\":\"https:\/\/hemslojdeniskanesbutik.se\/wp-content\/uploads\/2022\/03\/Svart-dalatupp-scaled.jpeg\",\"width\":2560,\"height\":2560},{\"@type\":\"BreadcrumbList\",\"@id\":\"https:\/\/hemslojdeniskanesbutik.se\/en\/produkt\/dalatupp-svart-2\/#breadcrumb\",\"itemListElement\":[{\"@type\":\"ListItem\",\"position\":1,\"name\":\"Start\",\"item\":\"https:\/\/hemslojdeniskanesbutik.se\/en\/\"},{\"@type\":\"ListItem\",\"position\":2,\"name\":\"Shop\",\"item\":\"https:\/\/hemslojdeniskanesbutik.se\/en\/shop\/\"},{\"@type\":\"ListItem\",\"position\":3,\"name\":\"Dalatupp svart\"}]},{\"@type\":\"WebSite\",\"@id\":\"https:\/\/hemslojdeniskanesbutik.se\/en\/#website\",\"url\":\"https:\/\/hemslojdeniskanesbutik.se\/en\/\",\"name\":\"Hemsl\u00f6jden i Sk\u00e5nes butik\",\"description\":\"Hemsl\u00f6jden i Sk\u00e5nes butik\",\"publisher\":{\"@id\":\"https:\/\/hemslojdeniskanesbutik.se\/en\/#organization\"},\"potentialAction\":[{\"@type\":\"SearchAction\",\"target\":{\"@type\":\"EntryPoint\",\"urlTemplate\":\"https:\/\/hemslojdeniskanesbutik.se\/en\/?s={search_term_string}\"},\"query-input\":{\"@type\":\"PropertyValueSpecification\",\"valueRequired\":true,\"valueName\":\"search_term_string\"}}],\"inLanguage\":\"en-US\"},{\"@type\":\"Organization\",\"@id\":\"https:\/\/hemslojdeniskanesbutik.se\/en\/#organization\",\"name\":\"Hemsl\u00f6jden i Sk\u00e5nes butik\",\"url\":\"https:\/\/hemslojdeniskanesbutik.se\/en\/\",\"logo\":{\"@type\":\"ImageObject\",\"inLanguage\":\"en-US\",\"@id\":\"https:\/\/hemslojdeniskanesbutik.se\/en\/#\/schema\/logo\/image\/\",\"url\":\"https:\/\/hemslojdeniskanesbutik.se\/wp-content\/uploads\/2021\/03\/hemslojden_logotyp_liggande_positiv_farg_rgb_highres.png\",\"contentUrl\":\"https:\/\/hemslojdeniskanesbutik.se\/wp-content\/uploads\/2021\/03\/hemslojden_logotyp_liggande_positiv_farg_rgb_highres.png\",\"width\":2737,\"height\":641,\"caption\":\"Hemsl\u00f6jden i Sk\u00e5nes butik\"},\"image\":{\"@id\":\"https:\/\/hemslojdeniskanesbutik.se\/en\/#\/schema\/logo\/image\/\"},\"sameAs\":[\"http:\/\/facebook.com\/hemslojdenskaneAB\",\"http:\/\/youtube.com\/slojdiskane\",\"https:\/\/www.instagram.com\/hemslojdeniskane\"]}]}<\/script>\n<!-- \/ Yoast SEO plugin. -->","yoast_head_json":{"title":"Dalatupp svart - Hemsl\u00f6jden i Sk\u00e5nes butik","robots":{"index":"index","follow":"follow","max-snippet":"max-snippet:-1","max-image-preview":"max-image-preview:large","max-video-preview":"max-video-preview:-1"},"canonical":"https:\/\/hemslojdeniskanesbutik.se\/en\/produkt\/dalatupp-svart-2\/","og_locale":"en_US","og_type":"article","og_title":"Dalatupp svart - Hemsl\u00f6jden i Sk\u00e5nes butik","og_description":"Material: M\u00e5lat tr\u00e4 Liten: 5 cm Mellan: 11 cm Stor: 17 cm","og_url":"https:\/\/hemslojdeniskanesbutik.se\/en\/produkt\/dalatupp-svart-2\/","og_site_name":"Hemsl\u00f6jden i Sk\u00e5nes butik","article_publisher":"http:\/\/facebook.com\/hemslojdenskaneAB","twitter_card":"summary_large_image","schema":{"@context":"https:\/\/schema.org","@graph":[{"@type":"WebPage","@id":"https:\/\/hemslojdeniskanesbutik.se\/en\/produkt\/dalatupp-svart-2\/","url":"https:\/\/hemslojdeniskanesbutik.se\/en\/produkt\/dalatupp-svart-2\/","name":"Dalatupp svart - Hemsl\u00f6jden i Sk\u00e5nes butik","isPartOf":{"@id":"https:\/\/hemslojdeniskanesbutik.se\/en\/#website"},"primaryImageOfPage":{"@id":"https:\/\/hemslojdeniskanesbutik.se\/en\/produkt\/dalatupp-svart-2\/#primaryimage"},"image":{"@id":"https:\/\/hemslojdeniskanesbutik.se\/en\/produkt\/dalatupp-svart-2\/#primaryimage"},"thumbnailUrl":"https:\/\/hemslojdeniskanesbutik.se\/wp-content\/uploads\/2022\/03\/Svart-dalatupp-scaled.jpeg","datePublished":"2022-03-28T14:45:37+00:00","breadcrumb":{"@id":"https:\/\/hemslojdeniskanesbutik.se\/en\/produkt\/dalatupp-svart-2\/#breadcrumb"},"inLanguage":"en-US","potentialAction":[{"@type":"ReadAction","target":["https:\/\/hemslojdeniskanesbutik.se\/en\/produkt\/dalatupp-svart-2\/"]}]},{"@type":"ImageObject","inLanguage":"en-US","@id":"https:\/\/hemslojdeniskanesbutik.se\/en\/produkt\/dalatupp-svart-2\/#primaryimage","url":"https:\/\/hemslojdeniskanesbutik.se\/wp-content\/uploads\/2022\/03\/Svart-dalatupp-scaled.jpeg","contentUrl":"https:\/\/hemslojdeniskanesbutik.se\/wp-content\/uploads\/2022\/03\/Svart-dalatupp-scaled.jpeg","width":2560,"height":2560},{"@type":"BreadcrumbList","@id":"https:\/\/hemslojdeniskanesbutik.se\/en\/produkt\/dalatupp-svart-2\/#breadcrumb","itemListElement":[{"@type":"ListItem","position":1,"name":"Start","item":"https:\/\/hemslojdeniskanesbutik.se\/en\/"},{"@type":"ListItem","position":2,"name":"Shop","item":"https:\/\/hemslojdeniskanesbutik.se\/en\/shop\/"},{"@type":"ListItem","position":3,"name":"Dalatupp svart"}]},{"@type":"WebSite","@id":"https:\/\/hemslojdeniskanesbutik.se\/en\/#website","url":"https:\/\/hemslojdeniskanesbutik.se\/en\/","name":"Hemsl\u00f6jden i Sk\u00e5nes butik","description":"Hemsl\u00f6jden i Sk\u00e5nes butik","publisher":{"@id":"https:\/\/hemslojdeniskanesbutik.se\/en\/#organization"},"potentialAction":[{"@type":"SearchAction","target":{"@type":"EntryPoint","urlTemplate":"https:\/\/hemslojdeniskanesbutik.se\/en\/?s={search_term_string}"},"query-input":{"@type":"PropertyValueSpecification","valueRequired":true,"valueName":"search_term_string"}}],"inLanguage":"en-US"},{"@type":"Organization","@id":"https:\/\/hemslojdeniskanesbutik.se\/en\/#organization","name":"Hemsl\u00f6jden i Sk\u00e5nes butik","url":"https:\/\/hemslojdeniskanesbutik.se\/en\/","logo":{"@type":"ImageObject","inLanguage":"en-US","@id":"https:\/\/hemslojdeniskanesbutik.se\/en\/#\/schema\/logo\/image\/","url":"https:\/\/hemslojdeniskanesbutik.se\/wp-content\/uploads\/2021\/03\/hemslojden_logotyp_liggande_positiv_farg_rgb_highres.png","contentUrl":"https:\/\/hemslojdeniskanesbutik.se\/wp-content\/uploads\/2021\/03\/hemslojden_logotyp_liggande_positiv_farg_rgb_highres.png","width":2737,"height":641,"caption":"Hemsl\u00f6jden i Sk\u00e5nes butik"},"image":{"@id":"https:\/\/hemslojdeniskanesbutik.se\/en\/#\/schema\/logo\/image\/"},"sameAs":["http:\/\/facebook.com\/hemslojdenskaneAB","http:\/\/youtube.com\/slojdiskane","https:\/\/www.instagram.com\/hemslojdeniskane"]}]}},"taxonomy_info":{"product_cat":[{"value":919,"label":"Easter"}]},"featured_image_src_large":["https:\/\/hemslojdeniskanesbutik.se\/wp-content\/uploads\/2022\/03\/Svart-dalatupp-1024x1024.jpeg",1024,1024,true],"author_info":[],"comment_info":"","_links":{"self":[{"href":"https:\/\/hemslojdeniskanesbutik.se\/en\/wp-json\/wp\/v2\/product\/11151","targetHints":{"allow":["GET"]}}],"collection":[{"href":"https:\/\/hemslojdeniskanesbutik.se\/en\/wp-json\/wp\/v2\/product"}],"about":[{"href":"https:\/\/hemslojdeniskanesbutik.se\/en\/wp-json\/wp\/v2\/types\/product"}],"wp:featuredmedia":[{"embeddable":true,"href":"https:\/\/hemslojdeniskanesbutik.se\/en\/wp-json\/wp\/v2\/media\/8889"}],"wp:attachment":[{"href":"https:\/\/hemslojdeniskanesbutik.se\/en\/wp-json\/wp\/v2\/media?parent=11151"}],"wp:term":[{"taxonomy":"product_brand","embeddable":true,"href":"https:\/\/hemslojdeniskanesbutik.se\/en\/wp-json\/wp\/v2\/product_brand?post=11151"},{"taxonomy":"product_cat","embeddable":true,"href":"https:\/\/hemslojdeniskanesbutik.se\/en\/wp-json\/wp\/v2\/product_cat?post=11151"},{"taxonomy":"product_tag","embeddable":true,"href":"https:\/\/hemslojdeniskanesbutik.se\/en\/wp-json\/wp\/v2\/product_tag?post=11151"}],"curies":[{"name":"wp","href":"https:\/\/api.w.org\/{rel}","templated":true}]}}

<p>Dalatupp från Nils Olsson i Nusnäs. Alla tuppar täljs och målas för hand vilket gör att det inte finns två exakt likadana tuppar i världen. Grundfärgen är vit men dekormålningens färg varierar. Tuppen är en urgammal symbol för vaksamhet. Hos Nils Olsson har man avbildat tuppar sedan 1928.</p>
<p>&nbsp;</p>

<p>Material: Målat trä<br />
Liten: 5 cm<br />
Mellan: 11 cm<br />
Stor: 17 cm</p>

<!-- This site is optimized with the Yoast SEO plugin v27.2 - https://yoast.com/product/yoast-seo-wordpress/ -->
<title>Dalatupp svart - Hemslöjden i Skånes butik</title>
<meta name="robots" content="index, follow, max-snippet:-1, max-image-preview:large, max-video-preview:-1" />
<link rel="canonical" href="https://hemslojdeniskanesbutik.se/en/produkt/dalatupp-svart-2/" />
<meta property="og:locale" content="en_US" />
<meta property="og:type" content="article" />
<meta property="og:title" content="Dalatupp svart - Hemslöjden i Skånes butik" />
<meta property="og:description" content="Material: Målat trä Liten: 5 cm Mellan: 11 cm Stor: 17 cm" />
<meta property="og:url" content="https://hemslojdeniskanesbutik.se/en/produkt/dalatupp-svart-2/" />
<meta property="og:site_name" content="Hemslöjden i Skånes butik" />
<meta property="article:publisher" content="http://facebook.com/hemslojdenskaneAB" />
<meta name="twitter:card" content="summary_large_image" />
<script type="application/ld+json" class="yoast-schema-graph">{"@context":"https://schema.org","@graph":[{"@type":"WebPage","@id":"https://hemslojdeniskanesbutik.se/en/produkt/dalatupp-svart-2/","url":"https://hemslojdeniskanesbutik.se/en/produkt/dalatupp-svart-2/","name":"Dalatupp svart - Hemslöjden i Skånes butik","isPartOf":{"@id":"https://hemslojdeniskanesbutik.se/en/#website"},"primaryImageOfPage":{"@id":"https://hemslojdeniskanesbutik.se/en/produkt/dalatupp-svart-2/#primaryimage"},"image":{"@id":"https://hemslojdeniskanesbutik.se/en/produkt/dalatupp-svart-2/#primaryimage"},"thumbnailUrl":"https://hemslojdeniskanesbutik.se/wp-content/uploads/2022/03/Svart-dalatupp-scaled.jpeg","datePublished":"2022-03-28T14:45:37+00:00","breadcrumb":{"@id":"https://hemslojdeniskanesbutik.se/en/produkt/dalatupp-svart-2/#breadcrumb"},"inLanguage":"en-US","potentialAction":[{"@type":"ReadAction","target":["https://hemslojdeniskanesbutik.se/en/produkt/dalatupp-svart-2/"]}]},{"@type":"ImageObject","inLanguage":"en-US","@id":"https://hemslojdeniskanesbutik.se/en/produkt/dalatupp-svart-2/#primaryimage","url":"https://hemslojdeniskanesbutik.se/wp-content/uploads/2022/03/Svart-dalatupp-scaled.jpeg","contentUrl":"https://hemslojdeniskanesbutik.se/wp-content/uploads/2022/03/Svart-dalatupp-scaled.jpeg","width":2560,"height":2560},{"@type":"BreadcrumbList","@id":"https://hemslojdeniskanesbutik.se/en/produkt/dalatupp-svart-2/#breadcrumb","itemListElement":[{"@type":"ListItem","position":1,"name":"Start","item":"https://hemslojdeniskanesbutik.se/en/"},{"@type":"ListItem","position":2,"name":"Shop","item":"https://hemslojdeniskanesbutik.se/en/shop/"},{"@type":"ListItem","position":3,"name":"Dalatupp svart"}]},{"@type":"WebSite","@id":"https://hemslojdeniskanesbutik.se/en/#website","url":"https://hemslojdeniskanesbutik.se/en/","name":"Hemslöjden i Skånes butik","description":"Hemslöjden i Skånes butik","publisher":{"@id":"https://hemslojdeniskanesbutik.se/en/#organization"},"potentialAction":[{"@type":"SearchAction","target":{"@type":"EntryPoint","urlTemplate":"https://hemslojdeniskanesbutik.se/en/?s={search_term_string}"},"query-input":{"@type":"PropertyValueSpecification","valueRequired":true,"valueName":"search_term_string"}}],"inLanguage":"en-US"},{"@type":"Organization","@id":"https://hemslojdeniskanesbutik.se/en/#organization","name":"Hemslöjden i Skånes butik","url":"https://hemslojdeniskanesbutik.se/en/","logo":{"@type":"ImageObject","inLanguage":"en-US","@id":"https://hemslojdeniskanesbutik.se/en/#/schema/logo/image/","url":"https://hemslojdeniskanesbutik.se/wp-content/uploads/2021/03/hemslojden_logotyp_liggande_positiv_farg_rgb_highres.png","contentUrl":"https://hemslojdeniskanesbutik.se/wp-content/uploads/2021/03/hemslojden_logotyp_liggande_positiv_farg_rgb_highres.png","width":2737,"height":641,"caption":"Hemslöjden i Skånes butik"},"image":{"@id":"https://hemslojdeniskanesbutik.se/en/#/schema/logo/image/"},"sameAs":["http://facebook.com/hemslojdenskaneAB","http://youtube.com/slojdiskane","https://www.instagram.com/hemslojdeniskane"]}]}</script>
<!-- / Yoast SEO plugin. -->

Dalatupp svart - Hemslöjden i Skånes butik

Material: Målat trä Liten: 5 cm Mellan: 11 cm Stor: 17 cm

Hemslöjden i Skånes butik
